 252017
List the prime factors of 10565289.
3, 7, 55901
What are the prime factors of 2034593?
11, 37, 4999
What are the prime factors of 234406220?
2, 5, 193, 60727
What are the prime factors of 920910558?
2, 3, 4943, 31051
List the prime factors of 2951515693.
7, 421645099
List the prime factors of 3321427192.
2, 16363, 25373
List the prime factors of 85059217.
131, 649307
List the prime factors of 65716351.
349, 188299
What are the prime factors of 15763407?
3, 11, 19, 31, 811
What are the prime factors of 19152818?
2, 29, 71, 4651
List the prime factors of 769606458.
2, 3, 673, 190591
What are the prime factors of 707510066?
2, 353755033
What are the prime factors of 31524562?
2, 17, 83, 11171
List the prime factors of 115007026.
2, 37, 43, 47, 769
What are the prime factors of 105252765?
3, 5, 281, 24971
What are the prime factors of 168997344?
2, 3, 1760389
List the prime factors of 10558418.
2, 13, 406093
List the prime factors of 138162461.
1277, 108193
What are the prime factors of 28577895?
3, 5, 419, 4547
What are the prime factors of 82922265?
3, 5, 421, 1459
What are the prime factors of 177708146?
2, 7, 11, 83, 13903
List the prime factors of 255753266.
2, 127876633
What are the prime factors of 36280383?
3, 107, 113023
List the prime factors of 321701359.
7, 45957337
List the prime factors of 761681818.
2, 79, 397, 12143
What are the prime factors of 2423579887?
751, 3227137
List the prime factors of 48148462.
2, 239, 263, 383
List the prime factors of 2608168210.
2, 5, 499, 522679
What are the prime factors of 74243481?
3, 13, 31, 61409
What are the prime factors of 24090495?
3, 5, 11, 13, 1021
List the prime factors of 149132767.
7, 19, 113, 9923
What are the prime factors of 2126610912?
2, 3, 23, 31, 31069
List the prime factors of 228713367.
3, 3163, 24103
List the prime factors of 9445378.
2, 947, 4987
What are the prime factors of 3349345025?
5, 13, 2347, 4391
What are the prime factors of 82507678?
2, 11, 31, 311, 389
What are the prime factors of 566096525?
5, 22643861
What are the prime factors of 13015989?
3, 7, 206603
List the prime factors of 66195737.
83, 797539
What are the prime factors of 1930237425?
3, 5, 859, 3329
What are the prime factors of 14423571?
3, 647, 2477
List the prime factors of 547052995.
5, 109410599
What are the prime factors of 2203148257?
2203148257
List the prime factors of 921288819.
3, 11, 41, 109, 6247
What are the prime factors of 62803594?
2, 7, 640853
What are the prime factors of 944042396?
2, 11, 853, 25153
List the prime factors of 325640993.
325640993
What are the prime factors of 1166165225?
5, 46646609
What are the prime factors of 982018017?
3, 109113113
List the prime factors of 84485085.
3, 5, 47, 293, 409
What are the prime factors of 2738211595?
5, 7, 78234617
List the prime factors of 2241474428.
2, 41, 59, 83, 2791
What are the prime factors of 499755423?
3, 19, 8767639
What are the prime factors of 2586579043?
43, 137, 10211
List the prime factors of 164692900.
2, 5, 41, 40169
List the prime factors of 52152424.
2, 53, 123001
What are the prime factors of 708686784?
2, 3, 13, 31, 43, 71
What are the prime factors of 392065455?
3, 5, 26137697
What are the prime factors of 1452486278?
2, 726243139
What are the prime factors of 92539081?
59, 1568459
What are the prime factors of 470439562?
2, 23, 67, 152641
What are the prime factors of 6314604?
2, 3, 23, 137, 167
List the prime factors of 61389762.
2, 3, 7, 1461661
List the prime factors of 46822461.
3, 7, 103, 21647
List the prime factors of 3759139158.
2, 3, 626523193
What are the prime factors of 31405848?
2, 3, 67, 19531
List the prime factors of 2708543605.
5, 127, 149, 28627
What are the prime factors of 793167825?
3, 5, 19, 556609
What are the prime factors of 3436157851?
7, 53, 79, 117239
List the prime factors of 1610158849.
13, 233, 531581
List the prime factors of 41053780.
2, 5, 2052689
What are the prime factors of 606844496?
2, 19, 193, 10343
What are the prime factors of 1190606536?
2, 7, 197, 107923
What are the prime factors of 61983984?
2, 3, 43, 59, 509
List the prime factors of 267468235.
5, 53493647
List the prime factors of 2716475169.
3, 17, 223, 238853
List the prime factors of 45464035.
5, 17, 73, 431
List the prime factors of 4392450703.
59, 1319, 56443
List the prime factors of 77228406.
2, 3, 4290467
What are the prime factors of 1186498786?
2, 11, 53931763
What are the prime factors of 736123520?
2, 5, 11, 31, 3373
What are the prime factors of 679155747?
3, 547, 413867
What are the prime factors of 10820211?
3, 17, 212161
List the prime factors of 115490331.
3, 11, 1166569
List the prime factors of 852309001.
852309001
What are the prime factors of 115641082?
2, 89, 211, 3079
List the prime factors of 38086380.
2, 3, 5, 457, 463
List the prime factors of 75351773.
7, 29, 371191
What are the prime factors of 2634749?
13, 19, 10667
List the prime factors of 49125133.
49125133
What are the prime factors of 458567610?
2, 3, 5, 15285587
List the prime factors of 76054805.
5, 197, 77213
What are the prime factors of 183815326?
2, 59, 61, 25537
List the prime factors of 396717871.
11, 43, 379, 2213
List the prime factors of 249668131.
7309, 34159
What are the prime factors of 37970984?
2, 59, 80447
List the prime factors of 139010563.
139010563
List the prime factors of 1555349298.
2, 3, 31, 101, 82793
List the prime factors of 96239055.
3, 5, 11, 583267
List the prime factors of 395377220.
2, 5, 7, 2824123
List the prime factors of 40847848.
2, 5105981
List the prime factors of 252360011.
3797, 66463
List the prime factors of 198828550.
2, 5, 307, 12953
What are the prime factors of 330667030?
2, 5, 349, 94747
What are the prime factors of 457805903?
17, 3623, 7433
What are the prime factors of 1176377885?
5, 235275577
What are the prime factors of 111175088?
2, 6948443
What are the prime factors of 234757045?
5, 37, 499, 2543
List the prime factors of 327709370.
2, 5, 31, 37, 28571
What are the prime factors of 1663667183?
1663667183
List the prime factors of 63678859.
63678859
List the prime factors of 32093523.
3, 7, 11, 43, 359
What are the prime factors of 134025358?
2, 727, 92177
What are the prime factors of 492612258?
2, 3, 31, 167, 15859
List the prime factors of 6015967331.
11, 23, 43, 24043
List the prime factors of 565693831.
565693831
What are the prime factors of 637641469?
79, 8071411
What are the prime factors of 32760591?
3, 2437, 4481
List the prime factors of 40464020.
2, 5, 2023201
List the prime factors of 54677138.
2, 103, 265423
List the prime factors of 103302974.
2, 31, 1666177
What are the prime factors of 177163279?
347, 439, 1163
What are the prime factors of 132241247?
29, 233, 19571
What are the prime factors of 164410428?
2, 3, 7, 13, 150559
What are the prime factors of 277824695?
5, 5903, 9413
List the prime factors of 7384234652.
2, 313, 1283, 4597
List the prime factors of 900170766.
2, 3, 11, 103, 14713
What are the prime factors of 507298177?
507298177
List the prime factors of 294936386.
2, 147468193
List the prime factors of 8629962940.
2, 5, 23, 18760789
What are the prime factors of 89279101?
31, 2879971
List the prime factors of 4214553202.
2, 2107276601
What are the prime factors of 2381005705?
5, 13, 29, 1263133
List the prime factors of 20513363.
13, 701, 2251
What are the prime factors of 1942146299?
43, 83, 544171
What are the prime factors of 55899745?
5, 11, 1016359
What are the prime factors of 49226840?
2, 5, 13, 137, 691
What are the prime factors of 1325408?
2, 7, 61, 97
List the prime factors of 680601201.
3, 7, 32409581
List the prime factors of 1055919148.
2, 19, 31, 127, 3529
List the prime factors of 1800722353.
17383, 103591
List the prime factors of 279843882.
2, 3, 31, 1504537
List the prime factors of 97470723.
3, 7, 43, 107941
List the prime factors of 170500040.
2, 5, 127, 33563
What are the prime factors of 3170071437?
3, 13, 81283883
List the prime factors of 444560379.
3, 479, 309367
List the prime factors of 2069371001.
43, 269, 178903
List the prime factors of 61123566.
2, 3, 7, 1455323
What are the prime factors of 997450889?
997450889
List the prime factors of 72171244.
2, 683, 26417
List the prime factors of 2457989326.
2, 13